digit of m(y)?
3
Let w(s) = -93*s + 61. What is the tens digit of w(-6)?
1
Let m be (2/(-4))/((-3)/18). What is the tens digit of 309*m/9 - (-2)/(-1)?
0
Suppose d + 2*d - 9 = 0. Let m be (-6)/4*(3 + d). What is the tens digit of (m/(-6))/(6/136)?
3
Let w(x) = 5*x**2 - 14*x + 65. What is the tens digit of w(8)?
7
Suppose 0 = -11*l + 92 + 29. Let s(c) = -c**3 + c**2 + 2*c - 2. Let h be s(-3). Let y = h - l. What is the units digit of y?
7
Let m(u) be the first derivative of 17*u**2 + 25*u + 13. What is the units digit of m(7)?
3
Suppose -40*r + 24 = -37*r. Suppose r*f - 324 = 6*f. What is the hundreds digit of f?
1
Suppose 3*w + 2*w = 10. Suppose 3 - 7 = -w*h. Let y = h - -11. What is the tens digit of y?
1
What is the units digit of (710/(-25) - -6)*(-150)/4?
0
Suppose 0 = -2*q + 4, 3*q + 28 = -5*r + 2*q. What is the units digit of 3 + (-642)/(-9) - r/9?
5
Let s = -42 + 42. Suppose s*z + 5*z - 5*m = 655, 0 = 5*z + 4*m - 655. What is the tens digit of z?
3
Suppose 4*a = -38 + 42. What is the tens digit of (4 + (4 - -3))*a/1?
1
Suppose -4500 = -3*n - 17*n. What is the units digit of n?
5
Let j be 66/(-8) - 1/(-8)*2. Let t(n) = n**3 + 10*n**2 + 4*n + 17. What is the units digit of t(j)?
3
Let w(f) = 2*f**2 + 12*f + 39. What is the units digit of w(-24)?
3
Let p(g) = g**3 + 7*g**2 + 2. Let z be p(-7). Suppose -z*n - 145 = -3*k, 4*n + n - 155 = -4*k. Suppose -k = -2*l + 29. What is the tens digit of l?
3
Let w = -109 - -131. What is the tens digit of w?
2
Let b(j) = 24*j + 458. What is the units digit of b(22)?
6
Suppose 11 = -i + 5*z, 4*z - 6*z + 10 = 0. Suppose w = -0*j + 4*j + i, -2*j = -10. What is the units digit of w?
4
Suppose 30 - 115 = -17*y. Suppose 0 = o + 2*l - 123, -y*o + 12*l + 643 = 8*l. What is the hundreds digit of o?
1
Suppose s + 2*x + x - 668 = 0, -4*s + 2612 = -3*x. What is the tens digit of s?
5
Suppose -48 = -10*m + 2*m. What is the units digit of m?
6
Let z(p) be the first derivative of -38*p**2 - 12*p + 24. What is the tens digit of z(-2)?
4
Suppose t - 5*n = -6 + 53, -2*t - 3*n + 81 = 0. What is the units digit of t + 1 + (-52)/(-13)?
7
Suppose 0 = -b + 47 + 5. Let j = b + -29. What is the units digit of j?
3
What is the thousands digit of (4 - (144 + 5))*(-71)/5?
2
Let q = 51 + -48. Suppose -q*c = -9*c + 198. What is the tens digit of c?
3
Suppose 14*h - 6363 = 4669. What is the hundreds digit of h?
7
Let t be -1*(13 + 0)*3. Suppose 617 + 447 = -38*q. Let x = q - t. What is the tens digit of x?
1
Let v(u) = 7*u**3 + 8*u**2 - 10*u - 3. What is the hundreds digit of v(6)?
7
What is the hundreds digit of (-2175)/(-58)*60/9?
2
Let i be (-99)/(-44) - (-1)/(-4). What is the tens digit of -2 - -22 - 3 - i?
1
Let l(y) = -10*y**2 + 5*y - 4. Let n be l(2). What is the tens digit of n*(-2)/(2/1)?
3
Let r(f) = f**3 + 7*f**2 - f - 6. Let i be r(-7). Suppose -o = -i - 1. What is the tens digit of 1/o - 670/(-20)?
3
Suppose 0*j - 2*j - 12 = 0. Let w be 1/((-3)/j) - 2. Suppose w = 5*q - 2*q - 6. What is the units digit of q?
2
Suppose -2*r = -4*y - 210, -r - 4*y + 0*y = -123. Suppose 21 = n - 2*o + 4*o, o + r = 4*n. What is the tens digit of n?
2
Suppose 3*p = p. Suppose p = 4*v - 3*v - 3. Suppose -3*x - 3*b + v = -12, 4*b - 6 = 3*x. What is the units digit of x?
2
Let o be (-1 + -2 - -5)*-2. Let w = 4 + o. Suppose 4*u - 3*f = 22, 24 = 2*u - w*f + 5*f. What is the units digit of u?
7
Let d be 3/(-9) - (2 - 50/6). Suppose -1197 = -d*y - 273. What is the units digit of y?
4
Let f(j) = -24*j - 59. What is the hundreds digit of f(-18)?
3
What is the hundreds digit of (-6164)/(-22) - (-2)/(-11)?
2
Let o be 6 + 3 + -7 - -1. Suppose 4*u = -b + 1055, 3*u + o*b = 510 + 279. Suppose 3*r = 7*r - u. What is the units digit of r?
6
Suppose 201 = -5*s - 89. Let g = s - -91. What is the tens digit of g?
3
Suppose -2*r + 2*z + 3356 = 0, -4*r + 4*z - z + 6717 = 0. Suppose -r = -17*d + 8*d. What is the tens digit of d?
8
Let w be 1/(2/(-4)) + (-3)/(-1). What is the units digit of (3 + -7)/(w/(-24))?
6
Let z(g) = g**3 + 4*g**2 - 5*g + 3. Let a be z(-5). What is the units digit of (-1)/((a/(-7))/3)?
7
Let d(l) = -6*l**3 - 105*l**2 + 85*l - 159. Let o(y) = y**3 + 21*y**2 - 17*y + 32. Let f(s) = 2*d(s) + 11*o(s). What is the units digit of f(20)?
4
Suppose 0 = -6*s + 2 + 22. What is the units digit of (-69)/(s/(-5 - -1))?
9
Let k(o) = -o**2 + 22*o - 23. Let h be k(24). What is the tens digit of (-6)/9*(h + 2)?
4
What is the units digit of (-6)/7*(25 - 1040)?
0
Let s(a) = -11*a**3 - 8*a**2 - 23*a + 2. What is the units digit of s(-4)?
0
Suppose -8*l - 3*n - 668 = -4*l, 4*n = 0. Let t = 308 + l. What is the hundreds digit of t?
1
Suppose -3*v + 9 = -2*n, 0 = -0*n - n. What is the tens digit of (-4)/1 + v - -163?
6
Let d = 16 - 14. Suppose y = -d*y. Suppose -k + 15 + 19 = y. What is the tens digit of k?
3
Let g = -612 + 1491. What is the hundreds digit of g?
8
Suppose 2*h - 722 = 4*y, 10*h - 8*h = -y + 737. What is the hundreds digit of h?
3
Let d(h) = -161*h - 68. What is the hundreds digit of d(-5)?
7
Let r = -34 - -48. Suppose 492 = -8*y + r*y. What is the tens digit of y?
8
Suppose -4*c = n + 4*n - 3915, -3*n = -9. What is the tens digit of c?
7
Let c = -30 + 32. Let n be 10/(4 - c)*1. Suppose -n*r + 151 - 36 = 0. What is the units digit of r?
3
Suppose -q + 2*p + 1039 = 3*p, -2*p - 2086 = -2*q. What is the hundreds digit of q?
0
Let l = -953 + 1426. What is the hundreds digit of l?
4
Suppose -14*q + 9 = -11*q. Suppose w + 22 = 5*p, q*p + 27 = 4*w + 6*p. Suppose -w*x - 2*f + 33 = f, 3*x + 2*f - 38 = 0. What is the tens digit of x?
1
Let d(v) = -v**2 + 17*v - 11. Let t = 6 - -10. What is the units digit of d(t)?
5
Suppose 5*l = -3*m - 31, 0 = -2*m - 3*m - 3*l - 25. What is the tens digit of 4 + -8 - (m + -32)?
3
Let y(z) = -3*z**2 + 7*z - 7. Let c be y(2). Let k(n) = -22*n + 22. What is the tens digit of k(c)?
3
Suppose 0 = 17*o - 18*o + 228. What is the units digit of o?
8
Let u be (-7)/(-3) + (-4)/12. Let g = -2 + u. Suppose c = -g*c + 31. What is the units digit of c?
1
Suppose -2*r = -6*r + u + 28, 0 = 5*r + 4*u - 56. Suppose o = -0*o + r. What is the units digit of o?
8
Let q = -10 + 12. Suppose -3*b + 10 = q*b. What is the tens digit of b - (-14 + (2 - -1))?
1
Let s be 527/5 + (-15)/(-25). Let d = s + -52. What is the units digit of d?
4
Suppose -2*c + 3*n = -44 - 12, -2*n + 112 = 4*c. Suppose 10*k - 5*k - 135 = 0. Let a = c - k. What is the units digit of a?
1
Let h(b) = 5*b**2 - b. Let g be ((-10)/(-25))/((-2)/(-5)). Let r be h(g). Suppose 123 = r*k - 33. What is the units digit of k?
9
Let r(n) = 9*n - 2. Let x be r(1). Suppose 13 = 2*c - x. What is the units digit of c?
0
Let u be (20/25 - 0)*(-5)/(-2). Let v = -15 + 23. Suppose -u = -x + v. What is the tens digit of x?
1
Suppose 26*n - 24*n = 734. What is the tens digit of n?
6
Let n(i) = -28*i + 8. Let k be n(-4). Let z = -28 + k. What is the tens digit of z?
9
Suppose 0*c - 5*y + 59 = 2*c, -5*c = -y - 161. Suppose 2*x - f - 23 = 0, 2*x - f + 3*f - c = 0. Suppose 5*n - x = 7. What is the units digit of n?
4
Let x(q) = -q**3 + 4*q**2 - q + 3. Let z be x(3). Suppose -4*h + z = -h. What is the tens digit of (h - 5) + 82 - -1?
8
Suppose 4*v - 10 = -2*g + 4*g, -2*v + 2 = 2*g. Suppose 3 = v*s - 1. Suppose y - 13 = -s*i + 4*i, y = -4*i + 43. What is the units digit of y?
3
Suppose 6 = 3*u - 3. Suppose k = -f + 22, -u*f + 43 = k + k. Suppose 19 = 3*i - k. What is the units digit of i?
4
Suppose 0 = f + 3 + 5. Let m be -2 - (0 - f/(-1)). Let v = m - 2. What is the units digit of v?
4
Let r = 998 + 210. What is the thousands digit of r?
1
What is the tens digit of (-4)/((-1377)/687 + 2)?
1
Let p = 15 - 8. Let k(r) = 53*r - 4 - p*r + 2. What is the tens digit of k(1)?
4
Suppose 140*i = 134*i + 4572. What is the hundreds digit of i?
7
Let t = 4 + -2. Suppose -4*w + 5*o = -w - t, 3*w - 20 = -4*o. Let p(u) = 4*u + 1. What is the tens digit of p(w)?
1
Let k = -1 - -19. What is the hundreds digit of 3200/k - (-6)/27?
1
Suppose 12*g = 23*g - 3597. What is the units digit of g?
7
What is the tens digit of 1 - -966 - (21 + -19)?
6
Suppose -2*j = 4*s - 194, 2*s + 5*j - 156 = -s. Let d = s + 5. What is the units digit of d?
2
Let y = -12 - -18. Let r(v) = 0*v**2 + 13*v - 10*v - v**2 - y + 16*v. What is the tens di